tors of x?
2, 7
Let t = 93 - 60. List the prime factors of t.
3, 11
Let c = 25 - 35. Let b be 2/5 + (-46)/c. Suppose -3*l - b*y = -30, 2*l + 2*y - 8 - 12 = 0. What are the prime factors of l?
2, 5
Suppose -4*x - 19 = -5*r, r = 5*r - 2*x - 20. Let q(o) = -o**2 + 9*o + 3. What are the prime factors of q(r)?
17
List the prime factors of 1/(205/(-103) + 2).
103
Suppose -5*k - 24 = -m - 127, 4*m = 3*k - 72. Suppose -3*x = y + 2*y + 111, 0 = -5*x + k. What are the prime factors of y/(-4) - (-1)/(-4)?
2, 5
Let l(n) = -2*n**3 - 3*n**2 + 4*n + 3. Suppose -10*v = -5*v + 15. What are the prime factors of l(v)?
2, 3
Let t = 3 + -4. Let l be t/3 + 309/9. Suppose 6*g = g + 25, 4*z - l = -2*g. What are the prime factors of z?
2, 3
Suppose -2*a + a = -3*m - 4, m - 29 = -4*a. Let n = -35 + a. List the prime factors of -3*(n/6 - 1).
17
Let c be (278/(-3))/(10/(-15)). Suppose -3*f - a = -0*f - 83, -5*f - a + c = 0. List the prime factors of f.
2, 7
Suppose -5*t - 7*g = -2*g - 215, -2*t = -5*g - 107. Let q(a) = -t*a**2 - a - 2 + a + 47*a**2. What are the prime factors of q(2)?
2
Let i = -1 - -9. Suppose k - 9 = y + 1, 0 = -k - 5*y - i. List the prime factors of k.
7
Let m = 84 + -46. List the prime factors of m.
2, 19
Let s = 12 + -8. Suppose 1 = s*n - 3. Suppose r - n - 11 = 0. What are the prime factors of r?
2, 3
Let a(j) = -j**2 - 4*j**2 - 4*j**2 + 3*j**2 - j**3 - 2*j - 3. Suppose f = -0*f - 3*p - 9, f + 2*p = -8. List the prime factors of a(f).
3
Suppose 3*j = -4*n - 43, -4*j + 3*n - 90 = 9. Let z = -49 - j. Let y = 39 + z. What are the prime factors of y?
11
Let f = 18 - 9. Let d = -7 - -14. Let m = f - d. List the prime factors of m.
2
Let m(g) = g**3 - 5*g**2 - 7*g + 8. Let b = -14 - -4. Let t = b - -16. What are the prime factors of m(t)?
2
Suppose 8*k - 3*k + 30 = 0. Let m = -2 - -4. Let h = m - k. List the prime factors of h.
2
Let q(p) = -23*p + 30. What are the prime factors of q(-8)?
2, 107
Let q be -7 + 5 - 1*-3. List the prime factors of (q + 2)/(-4 - -5).
3
Suppose -8*b + 3*b = 5*k - 1045, 2*b - 8 = 0. List the prime factors of k.
5, 41
Let t = -18 + 8. What are the prime factors of 167/5 - 6/t?
2, 17
Let c(k) = 3*k**2 - 1 - 2*k**2 + k + 2*k + k. Let n be c(-5). Suppose -n*i = -0*i - 8. List the prime factors of i.
2
Suppose 3*p + 4 = f + 3, -3*f + 12 = 0. Suppose 0*u + 4*q = 3*u - p, 3*q + 6 = 4*u. List the prime factors of u.
3
Let r(v) = 26*v + 8. List the prime factors of r(16).
2, 53
Suppose -3*b + 138 = 3*r - 6, 3*b = 2*r - 111. List the prime factors of r.
3, 17
Let t(u) = u**2 + 5*u - 4. Let v be t(-6). Suppose 13 + 25 = v*h. What are the prime factors of h?
19
What are the prime factors of -4 + 71 + 1 + 1?
3, 23
Let k be ((-2)/(-2))/((-3)/(-15)). Suppose -3*g + 0 = o - k, -3 = -3*g. Suppose o*z = -0*z + 22. List the prime factors of z.
11
Let n(v) = v**2 - 15*v + 6. What are the prime factors of n(15)?
2, 3
Suppose 0 = -5*a + 32 + 33. What are the prime factors of a?
13
Suppose -109 = -6*z + 125. What are the prime factors of z?
3, 13
Let r = -66 - -187. List the prime factors of r.
11
Suppose 4*o - 11*o = -140. What are the prime factors of o?
2, 5
Suppose 5*v - 25 = -3*k, 7 + 13 = 4*v + 2*k. Suppose 2*b + 6 = -2, v*b = 2*a - 70. What are the prime factors of a?
5
Let o be (-2 + 2 - 2) + -2. Let h(m) = 2*m**2 + 2*m. What are the prime factors of h(o)?
2, 3
Let f = -35 - -81. Suppose -3*d + f = -62. What are the prime factors of d?
2, 3
Suppose 8*r - 4 = 4*r, 5*m - 5*r = 220. List the prime factors of m.
3, 5
Let f = -25 - -52. List the prime factors of f.
3
List the prime factors of 42/(-4)*(-9)/(162/480).
2, 5, 7
Suppose -14*z - 20 = -19*z. What are the prime factors of z?
2
Let z(b) = b**2 - 4*b - 1. List the prime factors of z(6).
11
Let a = -8 + 12. Suppose a = o - 9. What are the prime factors of o?
13
Let t be 2*2/(-4)*-3. Suppose 6*a - 4*i = a + 20, a = i + 4. Suppose 0 = r + 3*o, o - 48 = -t*r + a*o. List the prime factors of r.
2, 3
Suppose 3*z + 6 = -0*z. Let h be (1/z)/((-1)/(-24)). What are the prime factors of (16/h)/(4/(-18))?
2, 3
Let p(z) = 33*z**2 - 3. List the prime factors of p(2).
3, 43
Suppose 2*g + g - 6 = 0. Suppose -15 = -g*q + 19. List the prime factors of q.
17
Let v(p) = p**2 - 7*p + 10. Let g be (20/25)/((-1)/(-10)). List the prime factors of v(g).
2, 3
Suppose 89 = 4*u - 87. What are the prime factors of u?
2, 11
List the prime factors of 96 + (0/2)/(-1*1).
2, 3
Suppose 2*u = 3*u. Suppose -3*i - 2*i = u. Suppose i = -l + 2 + 1. List the prime factors of l.
3
Suppose -s + 2 = -1. List the prime factors of s.
3
Suppose 4*d - 1248 = m + 3*m, -2*m + 946 = 3*d. What are the prime factors of d?
2, 157
Suppose 8*y = 787 - 291. What are the prime factors of y?
2, 31
Let o(q) = q**2 + 5*q + 7. Let j be o(-5). Suppose 0 = 5*k + v + 1 - 18, k - 5*v + j = 0. What are the prime factors of k?
3
Let u(q) = 32*q - 2. What are the prime factors of u(5)?
2, 79
Suppose -2*m + 6*m = 16. Suppose -14 = -3*a + m*j - 4, -5*a + 24 = -3*j. Suppose 3*n + 50 = 5*g, n - 53 = -4*g + a*n. What are the prime factors of g?
7
Suppose 4*q + q + 2*v - 9 = 0, 2*q = -v + 3. What are the prime factors of 1*(-4 - -3) + q?
2
Let g = 57 + -38. List the prime factors of g.
19
Let b(g) = -g**3 + 9*g**2 - 6*g - 5. What are the prime factors of b(5)?
5, 13
Let o = 9 - 13. Let y = 4 + o. List the prime factors of 1*(1 - -1) - y.
2
Suppose 2*k - 8 = 34. What are the prime factors of k?
3, 7
Suppose 2*z + 2*o = -52, 0 = 3*z - 3*o + 37 + 29. List the prime factors of ((-228)/z)/(1/2).
19
Let p be (0/2)/((-4)/(-4)). Suppose p = 3*x - 5 - 1. What are the prime factors of 25/x - 3/6?
2, 3
Let j(y) be the third derivative of 1/8*y**4 + 1/2*y**3 + 1/12*y**5 + 0 + 3*y**2 + 1/120*y**6 + 0*y. What are the prime factors of j(-3)?
2, 3
Let t be ((-7)/2)/(3/(-6)). Let y = t + 30. What are the prime factors of y?
37
Let j(i) = i**2 + 5*i + 3. Let p be j(-5). Suppose -3*t - 9 = -5*a + 6, 2*a = -t + 6. Let z = p - t. What are the prime factors of z?
3
Suppose -6*m + m + 110 = 0. Let o = m + -10. List the prime factors of o.
2, 3
Let q(c) = c. List the prime factors of q(15).
3, 5
Suppose 0 = -4*m - 3*j + 372, 164 = -0*m + 2*m - 4*j. Suppose -2*s + i = 2*i - 37, 5*s = -2*i + m. Let f = s - 1. What are the prime factors of f?
3, 5
Let l be (-1)/((-34)/(-18) + -2). Let a = 2 + l. List the prime factors of a.
11
Suppose -2*v - 2*v - 4*m + 1476 = 0, 0 = m - 2. List the prime factors of v.
367
Suppose 0 = 3*c + 3, -4 = 5*j - c + 25. Let t = j + 2. What are the prime factors of (-1)/((t/(-6))/(-2))?
3
Suppose -2*n + 4*f + 2 = 0, -n = n + 5*f - 20. Suppose -2*d + 0 = -2*a - 2, 0 = -5*a + n. What are the prime factors of d?
2
Suppose 3*k = 3*q - 15, -3*k + 16 = 2*q - 2*k. List the prime factors of q.
7
Let v(z) = z**3 - z**2 - 3*z + 3. Let k be v(-3). Let j = -58 - k. Let d = -12 - j. List the prime factors of d.
2, 11
Let w = -7 - -11. List the prime factors of (-32)/(-6) + w/(-12).
5
Suppose 3*n + 2*n + 5 = 0. Let m(q) = 2*q**2 + 2*q. Let j(r) = 2*r**2 + 3*r. Let k(o) = -3*j(o) + 4*m(o). List the prime factors of k(n).
3
Let l be 4 - (1 - (0 - 0)). Suppose -4*w = b - 61, l*b + 57 = -0*w + 4*w. What are the prime factors of w?
3, 5
Let c = 3 - 1. Suppose c*u - 24 = 4*r + r, 22 = u - 5*r. List the prime factors of u.
2
Suppose y = -0*y. Suppose 0 = i - y*i - 18. Suppose -5*n + i = -3*n. What are the prime factors of n?
3
Let k(o) be the second derivative of -o**4/12 + o**3 + 2*o**2 + 2*o. Let f be k(6). What are the prime factors of f/10 - 265/(-25)?
11
Let g(z) = z**3 + 7*z**2 + 5*z - 4. Let o be g(-6). List the prime factors of 2*o*(-15)/(-4).
3, 5
Let u be 53/11 - 4/(-22). Suppose -u*y - 103 + 28 = 0. What are the prime factors of 3*(y/(-9))/1?
5
Let u = 70 - 28. Suppose 0 = 3*g - 5*n + 18 + 51, 2*g + 68 = -4*n. Let c = g + u. List the prime factors of c.
2, 7
Let o = 30 - 17. List the prime factors of o/(1/1) + 0.
13
Let d be (-18)/(-12)*8/6. Suppose -d*o = -0*o. Suppose 5*x - 25 = o, -3*g + g = -5*x + 13. List the prime factors of g.
2, 3
Suppose 0*a - 4*a - 4*r = -92, -4*r + 38 = 2*a. Let m = -40 - -59. Let n = a - m. List the prime factors of n.
2
Suppose 3 = 4*g + 155. Let z be g/(-14) - (-2)/7. Suppose 29 = z*w + 2*n, 2*w + 4*n - 13 - 17 = 0. List the prime factors 